 -5*b + 3*w - 24 = 0, -b + 10 = 5*w - 2. Suppose 4*i = 5*y + 27, 2*y + 3*i = -28 + 31. Is 503*((1 - b) + y) a composite number?
False
Suppose -3*o = -13 - 8. Let p be (-3)/12 + ((-147567)/12)/o. Let f = p + 2502. Is f prime?
False
Let t = 130822 - -182069. Is t prime?
False
Let b be ((-12)/(-7))/2*(20 + -27). Let z(x) = x**2 - x + 2474. Let l be z(0). Is b/14 - l/(-7) a prime number?
True
Let m(t) = -t + 15. Let w be m(3). Suppose -3*s = w - 33. Suppose g + 2262 = s*g. Is g a prime number?
False
Let b(y) be the third derivative of y**6/360 - y**5/30 + 5*y**4/24 + 7*y**3/6 + 7*y**2. Let h(a) be the first derivative of b(a). Is h(-4) prime?
True
Suppose -7*d = -5*d + 4. Let t be 35646/182 - d/14. Suppose -4*q = -t - 72. Is q prime?
True
Suppose 6451 + 22637 = 6*k. Suppose -2*f - k = 858. Let n = 4052 + f. Is n a prime number?
False
Is 8944 - (14/(-7) + 7) prime?
False
Let s(b) = -b**2 + 6*b + 35. Let v be s(13). Let l = 60 + v. Suppose l*j + 15 = 1979. Is j a prime number?
True
Let h(v) = 3*v + 77387. Is h(0) composite?
True
Let p(o) be the second derivative of 5*o**4/6 + 16*o**3/3 - 7*o**2/2 + 45*o. Is p(7) a prime number?
False
Suppose -3*h - 2*j = -102993 + 12910, -3*h = j - 90085. Is h composite?
False
Let r = -4718 + 5557. Is r composite?
False
Let v(f) = -f**2 + 11*f + 26. Let i be v(13). Suppose -x + 3*z - 1 - 5 = i, -x + 2*z - 2 = 0. Suppose 0 = -2*u - 3*s + 659, -x*u + 5*s + 1660 = -u. Is u prime?
True
Let b be 25 + (-9 - -13) + (-8 - -1). Suppose 3*o - t = b, -o + 36 - 7 = 4*t. Is o/18 + (-4317)/(-2) a composite number?
True
Suppose 4*o = -0*o - 4*f + 100704, 125920 = 5*o - 5*f. Suppose o = -7*p + 27*p. Is p prime?
True
Suppose -3*c - 5*p = 2007, 3067 + 297 = -5*c - 2*p. Let l be 3/(-5) + c/10. Let v = l - -426. Is v composite?
True
Let o = 428 - -1002. Suppose -4*h - 2*w - 236 = -o, 0 = -h + 5*w + 304. Suppose -a - b = -h, 3*a - 5*b - 323 = 2*a. Is a composite?
True
Suppose -4*y = 2*x - 18336, -2*x + 275 = 271. Is y prime?
True
Is (-394911)/(-15) - 86/215 composite?
True
Let k be -1 - (-9)/6 - 102010/(-4). Suppose k = -40*o + 43*o. Is o prime?
True
Let j = -15 - -32. Suppose 0 = h + 12 - j. Suppose -4*c + 2*c + x = -635, -946 = -3*c - h*x. Is c prime?
True
Let d(b) = 9270*b - 1653. Is d(8) prime?
False
Is (10/(-6))/(495/(-71420481)) a prime number?
True
Let o = 17642 + -8751. Is o prime?
False
Let y = 80920 + 47151. Is y composite?
True
Let j(k) = 20038*k**2 + 131*k + 863. Is j(-10) prime?
False
Suppose 3053037 = 15*c + 5*c + 90577. Is c a composite number?
False
Let o = -614 + 618. Let s(q) = 129*q**3 + 11*q**2 - 3*q - 7. Is s(o) a composite number?
True
Suppose 691*m - 728*m + 7576897 = 0. Is m a composite number?
False
Let w be (-1)/((3/6)/(681/(-6))). Let y = w + -100. Is y a prime number?
True
Let l = 3 + -4. Let d(q) be the first derivative of -7*q**2 - q + 471. Is d(l) composite?
False
Let u(j) = 289038*j**2 + 62*j - 7. Is u(1) a composite number?
True
Suppose -461251 = 4*v - 88424 - 2289879. Is v a composite number?
False
Suppose 3*j = 3*t + 25737, -2*t - 17178 = 2*j + j. Let h = -1804 - t. Is h prime?
True
Suppose -1960 - 1932 = -l + 5*t, 2*t = 0. Let a = 7130 - l. Is a a prime number?
False
Let p = -56 - -59. Suppose p*c + 5 = 2*w, -3*w + 11 = -5*c + 2. Is w - (4 - 13)*(-11)/(-3) a composite number?
False
Is (1 - 68174/10)*(-5)/2 composite?
False
Let t = 127 + -118. Is (-4572)/(-8) + t/(-18) a composite number?
False
Let u(v) = 327*v**3 - 4*v**2 - 18*v + 6. Is u(5) a composite number?
True
Let k = -75614 - -144004. Suppose 3*f + 11*f = k. Is f prime?
False
Let i be 16 - (4 + (-2)/(-2)). Suppose -i*y + 33 = -0*y. Suppose 5*u + 2032 = y*p, 5*p - 4*p + 4*u = 683. Is p a composite number?
True
Let p(x) = 343162*x**2 - 577*x + 578. Is p(1) prime?
True
Let q be (-1 - 2) + -2 + 12. Is 639 - ((-2)/q + 36/(-21)) a composite number?
False
Let p(i) = 655*i**2 - 3*i - 7. Let b be (-3)/21 + 140/(-49). Is p(b) a composite number?
False
Let v(t) = -57 + 8*t + 1340*t**2 - 4*t**3 - 1347*t**2 + 5*t**3. Is v(13) prime?
True
Suppose -26*o + 4145887 = 11*o. Is o a composite number?
True
Suppose 0 = 4*o - 7*b + 12*b - 13662, -o = 2*b - 3414. Let x = o - 32. Is x prime?
False
Let n = 36 + -28. Let p be (n/(-10))/((-17)/101915). Is p/6 - 1/3 a prime number?
False
Let n(z) = 7*z - 9. Let w be n(-3). Is 115/3 - w/45 a composite number?
True
Let g be ((-944)/(-59))/(1/5*-2). Is 9/12 - 39050/g a composite number?
False
Let o = 40 + -38. Suppose 4 - 24 = -2*c + 4*r, -o*r - 26 = -5*c. Is 1304 + 7 + (c - 2) a prime number?
False
Let h be (0 - -1)*(-5)/(50/(-53930)). Suppose 11*y - 140 = h. Is y a prime number?
True
Suppose -4*v + 7 + 3 = 2*i, -v = -3*i + 15. Suppose 5*q + 2*b - 2635 = v, 3*q - 7*b = -8*b + 1582. Is q a composite number?
True
Suppose 109*l + 84*l = 67*l + 92897154. Is l a composite number?
False
Suppose -120 = 9*t + 2571. Let n = t - -766. Is n prime?
True
Let q be (-71)/(-3) + 13/39. Let v be 0/3 + q/1. Is 4*(-3)/v*-1042 a prime number?
True
Let m = 173318 + -62305. Is m composite?
True
Let n be 2 + 16840/(-14) - (-2)/(-14). Let l = 297 + n. Let q = 1293 + l. Is q prime?
True
Let k(w) = -2*w - 16. Let y be k(-13). Suppose -7*d - 68559 = -y*d. Is d a prime number?
True
Let y be (-94)/(-12) - -5*4/120. Let w(i) = 10*i**2 + 21*i - 55. Is w(y) composite?
True
Let j(y) = -76*y + 2035. Is j(17) a composite number?
False
Suppose -32*c + 7135969 + 3910899 - 435636 = 0. Is c a composite number?
True
Let l be 32/(-6)*(-204)/(-32)*-2. Let d = -56 + l. Suppose 14*o - d*o - 194 = 0. Is o composite?
False
Let h be 32/14 - 7/((-245)/(-10)). Let z be -2390*h/20*-4. Let s = -121 + z. Is s composite?
True
Suppose -134*m = 35010 - 11573616. Is m prime?
False
Suppose 56*s + 55*s = 65597161 + 4569380. Is s composite?
True
Suppose -3*t + q + 185309 = 0, -49*q - 185317 = -3*t - 50*q. Is t composite?
True
Let j be (-14659)/(-9) - 138/(-621). Suppose 4*a = 4*c - 6540, 4*a = 11*c - 10*c - j. Is c a composite number?
False
Let n(d) = 90*d**2 - 7*d - 1. Let p(t) = -91*t**2 + 6*t + 1. Let w(b) = 3*n(b) + 2*p(b). Let k be 2/(12/(-19)) + 67/402. Is w(k) a composite number?
True
Suppose 0 = -30*n + 61624 - 3484. Suppose h = 1855 + n. Is h prime?
True
Let t(p) be the third derivative of p**6/120 + p**5/15 - p**4/6 - p**3/6 - 18*p**2. Let f be t(2). Is (1 + 126)/(3/f) a composite number?
True
Is (-1)/((-3869470)/(-257965) - 15) a prime number?
True
Let j(s) = -s**3 + 10*s**2 - 4*s + 19. Let y be j(7). Suppose 5304 = 6*z - y. Is z a composite number?
False
Let i(f) = -7*f**2 - 9*f - 11. Let h be i(-5). Let v be h/6 - (-18)/12. Is 21 - 1 - v/(-22) a composite number?
False
Suppose 5 - 17 = -z. Is (-1171)/(68/z + -6) composite?
True
Let k(z) = -23*z + 120. Let y be k(5). Suppose y*g = -3*r + 47620, -8*r + 9547 = g - 12*r. Is g composite?
True
Let i be (4/6)/(4 - 2068/516). Let a = 58 + i. Is 10154/6 + a/(-42) prime?
True
Let k be (-6)/(-8)*11/(33/16). Suppose 4*d = -l + 47690, -d - k*l = -8*l - 11931. Is d a composite number?
False
Let f(l) = l**2 - 9*l - 1. Let k be f(10). Let a be (267*-1)/(0 + k/(-42)). Suppose 2*r - a = -272. Is r a composite number?
False
Let h be (-2)/19 - (-582)/114. Suppose 0 = 5*x + h*a - 1935, -4*x - x - 3*a + 1945 = 0. Suppose -2349 = -v + x. Is v prime?
True
Suppose -5*i = -11 - 24. Let c be -1 + 2 + i + -4. Suppose 1903 = v - c*l, -3*l = -5*v + 5514 + 3967. Is v a composite number?
True
Let m(z) = -2*z**2 - 29*z + 7. Let h be m(-14). Suppose 0 = -h*a + 6*a + 63015. Is a a prime number?
True
Let f(r) = 326*r + 1149. Is f(19) a composite number?
True
Let a(g) = 13*g**2 - 13*g + 17. Suppose -1706 = -7*w - 1804. Is a(w) a prime number?
False
Let j(c) be the second derivative of 7*c**6/60 + c**5/12 + c**4/12 - 7*c**3/6 + 11*c**2 - 32*c. Let k(z) be the first derivative of j(z). Is k(4) prime?
True
Suppose -708 + 3746 = -3*u - 2*x, x - 2 = 0. Suppose 75*a - 176965 + 27640 = 0. Let o = u + a. Is o a prime number?
True
Let p = 91 - 71. Suppose -p*o = -18*o - 10222. Is o a composite number?
True
Let p(l) = -2*l - 29. Let a be p(-15). Is ((-17610)/75)/(a - 7/5) a prime number?
True
Let d = 29 + -16. Let v = d + -13. Suppose 5*x + v*u - 11697 = -2*u, 0 = 2*x + 4*u - 4682. Is x a prime number?
True
Let o(d) = -d**2 - 11*d - 16. Let w = -5 - 4. Let v be